{"id":20516,"date":"2024-03-05T11:06:24","date_gmt":"2024-03-05T10:06:24","guid":{"rendered":"https:\/\/albaen.it\/?post_type=product&#038;p=20516"},"modified":"2026-01-01T19:58:37","modified_gmt":"2026-01-01T18:58:37","slug":"scarpa-antinfortunistica-bassa-quarzo-c28sk-s1p-src","status":"publish","type":"product","link":"https:\/\/albaen.it\/fre\/shop\/c-challenge\/scarpa-antinfortunistica-bassa-quarzo-c28sk-s1p-src\/","title":{"rendered":"QUARZO S1P SRC"},"content":{"rendered":"<div class=\"wpb-content-wrapper\"><div class=\"vc_row wpb_row vc_row-fluid\"><div class=\"wpb_column vc_column_container vc_col-sm-6\"><div class=\"vc_column-inner\"><div class=\"wpb_wrapper\">\n\t<div class=\"wpb_text_column wpb_content_element\" >\n\t\t<div class=\"wpb_wrapper\">\n\t\t\t<p>Chaussures de s\u00e9curit\u00e9 en cuir S1P, avec semelle antid\u00e9rapante SRC, \u00e9quip\u00e9es d\u2019une protection des orteils et de perforations de la semelle.\nCe produit est marqu\u00e9 CE et il est conforme \u00e0 toutes les exigences de la norme europ\u00e9enne EN ISO 20345:2011, par le r\u00e8glement (UE) 2016\/425.<\/p>\n<p><strong><span style=\"vertical-align: inherit;\">TIGE<\/span><\/strong><span style=\"vertical-align: inherit;\"> Cro\u00fbte de cuir perfor\u00e9 avec col et languette \u00e0 soufflet rembourr\u00e9s en nylon.<br \/>\n<\/span><br \/>\n<strong><span style=\"vertical-align: inherit;\">DOUBLURE<\/span><\/strong><span style=\"vertical-align: inherit;\"> en tissu \u00e0 effet 3D ou tridimensionnel, respirante avec une excellente r\u00e9sistance \u00e0 l'abrasion.<br \/>\n<\/span><br \/>\n<strong><span style=\"vertical-align: inherit;\">EMBOUT <\/span><\/strong><span style=\"vertical-align: inherit;\">non m\u00e9tallique, en mat\u00e9riau composite, r\u00e9sistant aux chocs jusqu\u2019\u00e0 200J et \u00e0 la compression jusqu\u2019\u00e0 15Kn. L\u00e9ger, non magn\u00e9tique et isolant thermique.<\/span><span style=\"vertical-align: inherit;\"><br \/>\n<\/span><br \/>\n<strong><span style=\"vertical-align: inherit;\">SEMELLE ANTI-PERFORATION<\/span><\/strong><span style=\"vertical-align: inherit;\"> en textile, r\u00e9sistante \u00e0 la perforation jusqu'\u00e0 1100N. Prot\u00e8ge toute la surface de la plante du pied. Flexible et confortable, non magn\u00e9tique, antistatique et isolant thermique.<br \/>\n<\/span><br \/>\n<strong><span style=\"vertical-align: inherit;\">SEMELLE<\/span><\/strong><span style=\"vertical-align: inherit;\"> inject\u00e9 en PU\/PU double densit\u00e9, antistatique, antid\u00e9rapant, r\u00e9sistant \u00e0 l\u2019huile et aux hydrocarbures, absorption des chocs dans la zone du talon.<br \/>\n<\/span><br \/>\n<strong><span style=\"vertical-align: inherit;\">SEMELLE INT\u00c9RIEURE <\/span><\/strong><span style=\"vertical-align: inherit;\">Claudia - semelle int\u00e9rieure anatomique en PU antistatique et absorbant les chocs, recouverte d\u2019un tissu respirant et anti-abrasion. Antistatique, amovible et lavable.<\/span><span style=\"vertical-align: inherit;\"><br \/>\n<\/span><br \/>\n<strong><span style=\"vertical-align: inherit;\">AJUSTEMENT <\/span><\/strong> <em><span style=\"vertical-align: inherit;\">Mondopoint<\/span><\/em><span style=\"vertical-align: inherit;\"> 11 \u2013 large et confortable.<br \/>\n<\/span><br \/>\n<strong><span style=\"vertical-align: inherit;\">R\u00c9GULATION<\/span><\/strong><span style=\"vertical-align: inherit;\"> EN ISO 20345:2011<\/span><\/p>\n<p><strong>POIDS\u00a0<\/strong> 655 GR 1 pied 42<\/p>\n\n\t\t<\/div>\n\t<\/div>\n<\/div><\/div><\/div><div class=\"wpb_column vc_column_container vc_col-sm-6\"><div class=\"vc_column-inner\"><div class=\"wpb_wrapper\">\n\t<div class=\"wpb_text_column wpb_content_element\" >\n\t\t<div class=\"wpb_wrapper\">\n\t\t\t<p>La semelle des chaussures QUARZO, collection CHALLENGE, repr\u00e9sente par excellence toute la s\u00e9curit\u00e9, la stabilit\u00e9, l'amorti et le confort n\u00e9cessaires notamment pour les activit\u00e9s int\u00e9rieures ou ext\u00e9rieures, pendant les saisons les plus chaudes.<br \/>\nInject\u00e9e en polyur\u00e9thane double densit\u00e9, pour offrir des niveaux \u00e9lev\u00e9s d\u2019absorption des chocs, la semelle dispose d\u2019un prot\u00e8ge-orteils int\u00e9gr\u00e9, r\u00e9sistant \u00e0 l\u2019usure et particuli\u00e8rement adapt\u00e9 aux activit\u00e9s de travail sur les genoux.<\/p>\n<p>Le chaussant large (Mondopoint 11) donne au pied une libert\u00e9 de mouvement et un confort, m\u00eame apr\u00e8s plusieurs heures de travail.<\/p>\n\n\t\t<\/div>\n\t<\/div>\n<div class=\"icons_cat_title\"> <h2>Cat\u00e9gories de protection <\/h2><\/div><div class=\"container row\"> \n\t\t\t<div>\n  <ul class=\"image-gallery\"><li style=\"float: left;\">  <img decoding=\"async\" src=\"https:\/\/albaen.it\/wp-content\/uploads\/simboletti-06.png\"  alt=\"Antistaticita\u0300\" style=\"height:110px;\"\/> <span class=\"products_icons products_icons1\">Antistatique<\/span> <\/li><li style=\"float: left;\">  <img decoding=\"async\" src=\"https:\/\/albaen.it\/wp-content\/uploads\/simboletti-07.png\"  alt=\"Assorbimento di energia nel tallone\" style=\"height:110px;\"\/> <span class=\"products_icons products_icons1\">Absorption d'\u00e9nergie dans le talon<\/span> <\/li><li style=\"float: left;\">  <img decoding=\"async\" src=\"https:\/\/albaen.it\/wp-content\/uploads\/simboletti-08.png\"  alt=\"Inserto antiforo resistente alla perforazione \u00d8=4,5mm\" style=\"height:110px;\"\/> <span class=\"products_icons products_icons1\">Insert anti-crevaison, r\u00e9sistant \u00e0 la perforation \u00d8=4,5mm<\/span> <\/li><li style=\"float: left;\">  <img decoding=\"async\" src=\"https:\/\/albaen.it\/wp-content\/uploads\/simboletti-22.png\"  alt=\"Resistenza all\u2019impatto e compressione\" style=\"height:110px;\"\/> <span class=\"products_icons products_icons1\">R\u00e9sistance aux chocs et \u00e0 la compression<\/span> <\/li><li style=\"float: left;\">  <img decoding=\"async\" src=\"https:\/\/albaen.it\/wp-content\/uploads\/simboletti-11.png\"  alt=\"Resistenza allo scivolamento\" style=\"height:110px;\"\/> <span class=\"products_icons products_icons1\">R\u00e9sistance au glissement<\/span> <\/li><li style=\"float: left;\">  <img decoding=\"async\" src=\"https:\/\/albaen.it\/wp-content\/uploads\/simboletti-04.png\"  alt=\"Suola resistente agli oli e agli idrocarburi\" style=\"height:110px;\"\/> <span class=\"products_icons products_icons1\">Semelle r\u00e9sistante aux huiles et aux hydrocarbures<\/span> <\/li><\/ul>\n<\/div><\/div>\n\t<div class=\"wpb_text_column wpb_content_element\" >\n\t\t<div class=\"wpb_wrapper\">\n\t\t\t\n\n\t\t<\/div>\n\t<\/div>\n<div class=\"icons_cat_title\"> <h2>Secteurs d'utilisation <\/h2><\/div><div class=\"container row\"> \n\t\t\t<div>\n  <ul class=\"image-gallery\"><li style=\"float: left;\"> <img decoding=\"async\" src=\"https:\/\/albaen.it\/wp-content\/uploads\/Artigianato-_-Officine-1.png\" alt=\"Artigianato \/ Officine\" style=\"height:60px;\"\/>  <span class=\"products_icons\">Artesan\u00eda \/ Talleres<\/span> <\/li><li style=\"float: left;\"> <img decoding=\"async\" src=\"https:\/\/albaen.it\/wp-content\/uploads\/Logistica-_-Trasporto-1.png\" alt=\"Logistica \/ Trasporto\" style=\"height:60px;\"\/>  <span class=\"products_icons\">Logistique \/ Transport<\/span> <\/li><li style=\"float: left;\"> <img decoding=\"async\" src=\"https:\/\/albaen.it\/wp-content\/uploads\/Magazzino-_-GDO-1.png\" alt=\"Magazzino \/ GDO\" style=\"height:60px;\"\/>  <span class=\"products_icons\">Entrep\u00f4t \/ GDO<\/span> <\/li><\/ul>\n<\/div><\/div>\n\t<div class=\"wpb_text_column wpb_content_element\" >\n\t\t<div class=\"wpb_wrapper\">\n\t\t\t\n\n\t\t<\/div>\n\t<\/div>\n<div class=\"icons_cat_title\"> <h2>La technologie <\/h2><\/div><div class=\"container row\"> \n\t\t\t<div>\n  <ul class=\"image-gallery\"><li style=\"float: left;\"><img decoding=\"async\" src=\"https:\/\/albaen.it\/wp-content\/uploads\/No-nail-tex.png\"  alt=\"Lamina antiforo in tessuto\" style=\"height:60px;\"\/><span class=\"products_icons\">Plaque en tissu anti-crevaison<\/span><\/li><li style=\"float: left;\"><img decoding=\"async\" src=\"https:\/\/albaen.it\/wp-content\/uploads\/C-Cap.png\"  alt=\"Puntale di sicurezza composito\" style=\"height:60px;\"\/><span class=\"products_icons\">Embout de s\u00e9curit\u00e9 composite<\/span><\/li><\/ul>\n<\/div><\/div>\n\t<div class=\"wpb_text_column wpb_content_element\" >\n\t\t<div class=\"wpb_wrapper\">\n\t\t\t<p><strong><\/strong><\/p>\n\n\t\t<\/div>\n\t<\/div>\n<\/div><\/div><\/div><\/div>\n<\/div>","protected":false},"excerpt":{"rendered":"<p>Chaussure de s\u00e9curit\u00e9 FLORIDA S1P en cuir velours souple avec trous lat\u00e9raux pour une meilleure ventilation et respirabilit\u00e9 du pied. La doublure int\u00e9rieure 3D permet au pied de respirer et r\u00e9siste \u00e0 l\u2019abrasion. Embout de s\u00e9curit\u00e9 innovant, non m\u00e9tallique, r\u00e9sistant jusqu\u2019\u00e0 200J.  Semelle int\u00e9rieure textile anti-perforation qui assure une p\u00e9n\u00e9tration Z\u00c9RO du mat\u00e9riau m\u00e9tallique. La semelle en PU\/PU est con\u00e7ue pour assurer une excellente absorption des chocs et poss\u00e8de un surembout qui prolonge la vie de la chaussure. Chaussant large, pour un confort optimal m\u00eame apr\u00e8s une journ\u00e9e de travail.<br \/>\nChaussant large, pour un confort optimal m\u00eame apr\u00e8s une journ\u00e9e de travail.<\/p>\n<p><a href=\"https:\/\/albaen.it\/wp-content\/uploads\/C28SCK-S1P.fr_-2.pdf\"><button class=\"btn1\"><span style=\"vertical-align: inherit;\">T\u00c9L\u00c9CHARGER LA FICHE TECHNIQUE<\/span><\/button><\/a> \u00a0\u00a0<a href=\"https:\/\/albaen.it\/wp-content\/uploads\/C28SK-S1P-Dich.-conformita-1.pdf\"><button><span style=\"vertical-align: inherit;\">D\u00c9CLARATION DE CONFORMIT\u00c9<\/span><\/button><\/a><\/p>","protected":false},"featured_media":20537,"comment_status":"closed","ping_status":"closed","template":"","meta":[],"product_brand":[],"product_cat":[17],"product_tag":[],"class_list":{"0":"post-20516","1":"product","2":"type-product","3":"status-publish","4":"has-post-thumbnail","6":"product_cat-c-challenge","7":"pa_categorie-di-protezione-s1p","8":"pa_categorie-di-protezione-src","9":"pa_colore-grigio","10":"pa_linea-challenge","11":"pa_normativa-en-iso-203452011","12":"pa_settori-artigianato-officine","13":"pa_settori-logistica-trasporto","14":"pa_settori-magazzino-gdo","15":"pa_simboli-antistaticita","16":"pa_simboli-assorbimento-di-energia-nel-tallone","17":"pa_simboli-inserto-antiforo-resistente-alla-perforazione-o45mm-2","18":"pa_simboli-resistenza-allimpatto-e-compressione","19":"pa_simboli-resistenza-allo-scivolamento","20":"pa_simboli-suola-resistente-agli-oli-e-agli-idrocarburi","21":"pa_taglia-3124","22":"pa_taglia-730","23":"pa_taglia-738","24":"pa_taglia-166","25":"pa_taglia-168","26":"pa_taglia-170","27":"pa_taglia-776","28":"pa_taglia-174","29":"pa_taglia-176","30":"pa_taglia-178","31":"pa_taglia-180","32":"pa_taglia-182","33":"pa_taglia-184","34":"pa_taglia-186","35":"pa_tecnologia-lamina-antiforo-in-tessuto","36":"pa_tecnologia-puntale-di-sicurezza-composito","37":"pa_tipologia-bassa","39":"first","40":"instock","41":"taxable","42":"shipping-taxable","43":"purchasable","44":"product-type-variable"},"_links":{"self":[{"href":"https:\/\/albaen.it\/fre\/wp-json\/wp\/v2\/product\/20516","targetHints":{"allow":["GET"]}}],"collection":[{"href":"https:\/\/albaen.it\/fre\/wp-json\/wp\/v2\/product"}],"about":[{"href":"https:\/\/albaen.it\/fre\/wp-json\/wp\/v2\/types\/product"}],"replies":[{"embeddable":true,"href":"https:\/\/albaen.it\/fre\/wp-json\/wp\/v2\/comments?post=20516"}],"wp:featuredmedia":[{"embeddable":true,"href":"https:\/\/albaen.it\/fre\/wp-json\/wp\/v2\/media\/20537"}],"wp:attachment":[{"href":"https:\/\/albaen.it\/fre\/wp-json\/wp\/v2\/media?parent=20516"}],"wp:term":[{"taxonomy":"product_brand","embeddable":true,"href":"https:\/\/albaen.it\/fre\/wp-json\/wp\/v2\/product_brand?post=20516"},{"taxonomy":"product_cat","embeddable":true,"href":"https:\/\/albaen.it\/fre\/wp-json\/wp\/v2\/product_cat?post=20516"},{"taxonomy":"product_tag","embeddable":true,"href":"https:\/\/albaen.it\/fre\/wp-json\/wp\/v2\/product_tag?post=20516"}],"curies":[{"name":"wp","href":"https:\/\/api.w.org\/{rel}","templated":true}]}}

<div class="wpb-content-wrapper"><div class="vc_row wpb_row vc_row-fluid"><div class="wpb_column vc_column_container vc_col-sm-6"><div class="vc_column-inner"><div class="wpb_wrapper">
	<div class="wpb_text_column wpb_content_element" >
		<div class="wpb_wrapper">
			<p>Chaussures de sécurité en cuir S1P, avec semelle antidérapante SRC, équipées d’une protection des orteils et de perforations de la semelle.
Ce produit est marqué CE et il est conforme à toutes les exigences de la norme européenne EN ISO 20345:2011, par le règlement (UE) 2016/425.</p>
<p><strong><span style="vertical-align: inherit;">TIGE</span></strong><span style="vertical-align: inherit;"> Croûte de cuir perforé avec col et languette à soufflet rembourrés en nylon.<br />
</span><br />
<strong><span style="vertical-align: inherit;">DOUBLURE</span></strong><span style="vertical-align: inherit;"> en tissu à effet 3D ou tridimensionnel, respirante avec une excellente résistance à l'abrasion.<br />
</span><br />
<strong><span style="vertical-align: inherit;">EMBOUT </span></strong><span style="vertical-align: inherit;">non métallique, en matériau composite, résistant aux chocs jusqu’à 200J et à la compression jusqu’à 15Kn. Léger, non magnétique et isolant thermique.</span><span style="vertical-align: inherit;"><br />
</span><br />
<strong><span style="vertical-align: inherit;">SEMELLE ANTI-PERFORATION</span></strong><span style="vertical-align: inherit;"> en textile, résistante à la perforation jusqu'à 1100N. Protège toute la surface de la plante du pied. Flexible et confortable, non magnétique, antistatique et isolant thermique.<br />
</span><br />
<strong><span style="vertical-align: inherit;">SEMELLE</span></strong><span style="vertical-align: inherit;"> injecté en PU/PU double densité, antistatique, antidérapant, résistant à l’huile et aux hydrocarbures, absorption des chocs dans la zone du talon.<br />
</span><br />
<strong><span style="vertical-align: inherit;">SEMELLE INTÉRIEURE </span></strong><span style="vertical-align: inherit;">Claudia - semelle intérieure anatomique en PU antistatique et absorbant les chocs, recouverte d’un tissu respirant et anti-abrasion. Antistatique, amovible et lavable.</span><span style="vertical-align: inherit;"><br />
</span><br />
<strong><span style="vertical-align: inherit;">AJUSTEMENT </span></strong> <em><span style="vertical-align: inherit;">Mondopoint</span></em><span style="vertical-align: inherit;"> 11 – large et confortable.<br />
</span><br />
<strong><span style="vertical-align: inherit;">RÉGULATION</span></strong><span style="vertical-align: inherit;"> EN ISO 20345:2011</span></p>
<p><strong>POIDS </strong> 655 GR 1 pied 42</p>

		</div>
	</div>
</div></div></div><div class="wpb_column vc_column_container vc_col-sm-6"><div class="vc_column-inner"><div class="wpb_wrapper">
	<div class="wpb_text_column wpb_content_element" >
		<div class="wpb_wrapper">
			<p>La semelle des chaussures QUARZO, collection CHALLENGE, représente par excellence toute la sécurité, la stabilité, l'amorti et le confort nécessaires notamment pour les activités intérieures ou extérieures, pendant les saisons les plus chaudes.<br />
Injectée en polyuréthane double densité, pour offrir des niveaux élevés d’absorption des chocs, la semelle dispose d’un protège-orteils intégré, résistant à l’usure et particulièrement adapté aux activités de travail sur les genoux.</p>
<p>Le chaussant large (Mondopoint 11) donne au pied une liberté de mouvement et un confort, même après plusieurs heures de travail.</p>

		</div>
	</div>
<div class="icons_cat_title"> <h2>Catégories de protection </h2></div><div class="container row"> 
			<div>
  <ul class="image-gallery"><li style="float: left;">  <img decoding="async" src="https://albaen.it/wp-content/uploads/simboletti-06.png"  alt="Antistaticità" style="height:110px;"/> <span class="products_icons products_icons1">Antistatique</span> </li><li style="float: left;">  <img decoding="async" src="https://albaen.it/wp-content/uploads/simboletti-07.png"  alt="Assorbimento di energia nel tallone" style="height:110px;"/> <span class="products_icons products_icons1">Absorption d'énergie dans le talon</span> </li><li style="float: left;">  <img decoding="async" src="https://albaen.it/wp-content/uploads/simboletti-08.png"  alt="Inserto antiforo resistente alla perforazione Ø=4,5mm" style="height:110px;"/> <span class="products_icons products_icons1">Insert anti-crevaison, résistant à la perforation Ø=4,5mm</span> </li><li style="float: left;">  <img decoding="async" src="https://albaen.it/wp-content/uploads/simboletti-22.png"  alt="Resistenza all’impatto e compressione" style="height:110px;"/> <span class="products_icons products_icons1">Résistance aux chocs et à la compression</span> </li><li style="float: left;">  <img decoding="async" src="https://albaen.it/wp-content/uploads/simboletti-11.png"  alt="Resistenza allo scivolamento" style="height:110px;"/> <span class="products_icons products_icons1">Résistance au glissement</span> </li><li style="float: left;">  <img decoding="async" src="https://albaen.it/wp-content/uploads/simboletti-04.png"  alt="Suola resistente agli oli e agli idrocarburi" style="height:110px;"/> <span class="products_icons products_icons1">Semelle résistante aux huiles et aux hydrocarbures</span> </li></ul>
</div></div>
	<div class="wpb_text_column wpb_content_element" >
		<div class="wpb_wrapper">
			

		</div>
	</div>
<div class="icons_cat_title"> <h2>Secteurs d'utilisation </h2></div><div class="container row"> 
			<div>
  <ul class="image-gallery"><li style="float: left;"> <img decoding="async" src="https://albaen.it/wp-content/uploads/Artigianato-_-Officine-1.png" alt="Artigianato / Officine" style="height:60px;"/>  <span class="products_icons">Artesanía / Talleres</span> </li><li style="float: left;"> <img decoding="async" src="https://albaen.it/wp-content/uploads/Logistica-_-Trasporto-1.png" alt="Logistica / Trasporto" style="height:60px;"/>  <span class="products_icons">Logistique / Transport</span> </li><li style="float: left;"> <img decoding="async" src="https://albaen.it/wp-content/uploads/Magazzino-_-GDO-1.png" alt="Magazzino / GDO" style="height:60px;"/>  <span class="products_icons">Entrepôt / GDO</span> </li></ul>
</div></div>
	<div class="wpb_text_column wpb_content_element" >
		<div class="wpb_wrapper">
			

		</div>
	</div>
<div class="icons_cat_title"> <h2>La technologie </h2></div><div class="container row"> 
			<div>
  <ul class="image-gallery"><li style="float: left;"><img decoding="async" src="https://albaen.it/wp-content/uploads/No-nail-tex.png"  alt="Lamina antiforo in tessuto" style="height:60px;"/><span class="products_icons">Plaque en tissu anti-crevaison</span></li><li style="float: left;"><img decoding="async" src="https://albaen.it/wp-content/uploads/C-Cap.png"  alt="Puntale di sicurezza composito" style="height:60px;"/><span class="products_icons">Embout de sécurité composite</span></li></ul>
</div></div>
	<div class="wpb_text_column wpb_content_element" >
		<div class="wpb_wrapper">
			<p><strong></strong></p>

		</div>
	</div>
</div></div></div></div>
</div>

<p>Chaussure de sécurité FLORIDA S1P en cuir velours souple avec trous latéraux pour une meilleure ventilation et respirabilité du pied. La doublure intérieure 3D permet au pied de respirer et résiste à l’abrasion. Embout de sécurité innovant, non métallique, résistant jusqu’à 200J.  Semelle intérieure textile anti-perforation qui assure une pénétration ZÉRO du matériau métallique. La semelle en PU/PU est conçue pour assurer une excellente absorption des chocs et possède un surembout qui prolonge la vie de la chaussure. Chaussant large, pour un confort optimal même après une journée de travail.<br />
Chaussant large, pour un confort optimal même après une journée de travail.</p>
<p><a href="https://albaen.it/wp-content/uploads/C28SCK-S1P.fr_-2.pdf"><button class="btn1"><span style="vertical-align: inherit;">TÉLÉCHARGER LA FICHE TECHNIQUE</span></button></a>   <a href="https://albaen.it/wp-content/uploads/C28SK-S1P-Dich.-conformita-1.pdf"><button><span style="vertical-align: inherit;">DÉCLARATION DE CONFORMITÉ</span></button></a></p>
