{"id":19368,"date":"2023-11-30T11:38:51","date_gmt":"2023-11-30T10:38:51","guid":{"rendered":"https:\/\/albaen.it\/?post_type=product&#038;p=19368"},"modified":"2024-05-10T12:09:41","modified_gmt":"2024-05-10T10:09:41","slug":"stivale-polpaccio-g-bari-s3-wr-hro-src","status":"publish","type":"product","link":"https:\/\/albaen.it\/fre\/shop\/g-rubber\/stivale-polpaccio-g-bari-s3-wr-hro-src\/","title":{"rendered":"BARI S3 WR HRO SRC"},"content":{"rendered":"<div class=\"wpb-content-wrapper\"><div class=\"vc_row wpb_row vc_row-fluid\"><div class=\"wpb_column vc_column_container vc_col-sm-6\"><div class=\"vc_column-inner\"><div class=\"wpb_wrapper\">\n\t<div class=\"wpb_text_column wpb_content_element\" >\n\t\t<div class=\"wpb_wrapper\">\n\t\t\t<p>Botte de s\u00e9curit\u00e9 G-BARI S3 WR HRO SRC BLACK de la ligne RUBBER d\u2019Alba&amp;n.<strong>.<\/strong><\/p>\n<p><strong>TIGE<\/strong> en cuir pleine fleur hydrofuge avec languette et col en tissu Cordura\u00ae, solide et r\u00e9sistant.<\/p>\n<p><strong>DOUBLURE<\/strong> Membrane 100% imperm\u00e9able Windtex\u00ae, hautement respirante avec action coupe-vent. De plus, elle garantit un maintien optimal du microclimat \u00e0 l'int\u00e9rieur de la chaussure.<\/p>\n<p><strong>EMBOUT<\/strong> m\u00e9tallique, r\u00e9sistant aux chocs jusqu'\u00e0 200 joules et \u00e0 la compression jusqu'\u00e0 15Kn.<\/p>\n<p><strong>SEMELLE ANTI-PERFORATION<\/strong> en acier inoxydable r\u00e9sistante \u00e0 la perforation jusqu'\u00e0 1100N.<\/p>\n<p><strong>SEMELLE <\/strong>PU\/HRO, double densit\u00e9, r\u00e9sistant \u00e0 la chaleur par contact jusqu\u2019\u00e0 300\u00b0C (1 minute) et 150\u00b0C (30 minutes), antistatique, antid\u00e9rapant SRC, r\u00e9sistant \u00e0 l\u2019huile et aux hydrocarbures, absorption des chocs au niveau du talon.<\/p>\n<p><strong>BANDE DE ROULEMENT <\/strong>Bande de roulement avec canaux de drainage autonettoyants. \nConvient aux travaux routiers et ext\u00e9rieurs qui n\u00e9cessitent solidit\u00e9 et s\u00e9curit\u00e9.<br \/>\n<strong><br \/>\n<\/strong><strong>SEMELLE INT\u00c9RIEURE <\/strong>anatomique ELISA avec rev\u00eatement en tissu respirant et anti-abrasion. Base en polyur\u00e9thane \u00e9lastique et absorbant les chocs et amortisseur coussin\u00e9 confortable sur le talon pour une absorption des chocs avec un effet anti-fatigue. Respirant, antistatique, amovible et lavable.<\/p>\n<p><strong>AJUSTEMENT<\/strong> Mondopoint 10,5 \u2013 chaussant r\u00e9gulier et confortable.<\/p>\n<p><strong>WR<\/strong> Chaussures totalement r\u00e9sistantes \u00e0 la p\u00e9n\u00e9tration et \u00e0 l\u2019absorption d\u2019eau.<\/p>\n<p><strong>HRO<\/strong> R\u00e9sistance de la semelle \u00e0 la chaleur.<\/p>\n<p><strong>POIDS <\/strong>850g 1 pied 42<\/p>\n\n\t\t<\/div>\n\t<\/div>\n<\/div><\/div><\/div><div class=\"wpb_column vc_column_container vc_col-sm-6\"><div class=\"vc_column-inner\"><div class=\"wpb_wrapper\">\n\t<div class=\"wpb_text_column wpb_content_element\" >\n\t\t<div class=\"wpb_wrapper\">\n\t\t\t<p>Con\u00e7ue pour les travaux intenses, la semelle de la G-BARI est en caoutchouc nitrile HRO, une caract\u00e9ristique qui garantit une r\u00e9sistance totale \u00e0 la chaleur jusqu\u2019\u00e0 300\u00b0C pendant 1 minute en contact avec le sol, sans compromettre l\u2019antistatique, la r\u00e9sistance au glissement et la r\u00e9sistance aux hydrocarbures. La semelle interm\u00e9diaire est inject\u00e9e de PU, un mat\u00e9riau \u00e9lastique et absorbant les chocs.<\/p>\n<p><strong>PLUS TECHNIQUE:<\/strong> la semelle est dot\u00e9e d\u2019un surembout de protection en PU.<br \/>\nStabilit\u00e9, robustesse, r\u00e9sistance. Ce ne sont que quelques-uns des adjectifs qui d\u00e9crivent au mieux notre SEMELLE RUBBER.<br \/>\nProtection totale, m\u00eame sous la pluie, avec la bottine de s\u00e9curit\u00e9 G-BARI d'Alba&amp;n.<\/p>\n\n\t\t<\/div>\n\t<\/div>\n<div class=\"icons_cat_title\"> <h2>Cat\u00e9gories de protection <\/h2><\/div><div class=\"container row\"> \n\t\t\t<div>\n  <ul class=\"image-gallery\"><li style=\"float: left;\">  <img decoding=\"async\" src=\"https:\/\/albaen.it\/wp-content\/uploads\/simboletti-06.png\"  alt=\"Antistaticita\u0300\" style=\"height:110px;\"\/> <span class=\"products_icons products_icons1\">Antistatique<\/span> <\/li><li style=\"float: left;\">  <img decoding=\"async\" src=\"https:\/\/albaen.it\/wp-content\/uploads\/simboletti-07.png\"  alt=\"Assorbimento di energia nel tallone\" style=\"height:110px;\"\/> <span class=\"products_icons products_icons1\">Absorption d'\u00e9nergie dans le talon<\/span> <\/li><li style=\"float: left;\">  <img decoding=\"async\" src=\"https:\/\/albaen.it\/wp-content\/uploads\/simboletti-08.png\"  alt=\"Inserto antiforo resistente alla perforazione \u00d8=4,5mm\" style=\"height:110px;\"\/> <span class=\"products_icons products_icons1\">Insert anti-crevaison, r\u00e9sistant \u00e0 la perforation \u00d8=4,5mm<\/span> <\/li><li style=\"float: left;\">  <img decoding=\"async\" src=\"https:\/\/albaen.it\/wp-content\/uploads\/simboletti-22.png\"  alt=\"Resistenza all\u2019impatto e compressione\" style=\"height:110px;\"\/> <span class=\"products_icons products_icons1\">R\u00e9sistance aux chocs et \u00e0 la compression<\/span> <\/li><li style=\"float: left;\">  <img decoding=\"async\" src=\"https:\/\/albaen.it\/wp-content\/uploads\/simboletti-11.png\"  alt=\"Resistenza allo scivolamento\" style=\"height:110px;\"\/> <span class=\"products_icons products_icons1\">R\u00e9sistance au glissement<\/span> <\/li><li style=\"float: left;\">  <img decoding=\"async\" src=\"https:\/\/albaen.it\/wp-content\/uploads\/simboletti-04.png\"  alt=\"Suola resistente agli oli e agli idrocarburi\" style=\"height:110px;\"\/> <span class=\"products_icons products_icons1\">Semelle r\u00e9sistante aux huiles et aux hydrocarbures<\/span> <\/li><li style=\"float: left;\">  <img decoding=\"async\" src=\"https:\/\/albaen.it\/wp-content\/uploads\/simboletti-05.png\"  alt=\"Suola resistente al calore per contatto fino a 300\u00b0C\" style=\"height:110px;\"\/> <span class=\"products_icons products_icons1\">Semelle r\u00e9sistante \u00e0 la chaleur pour un contact jusqu'\u00e0 300\u00b0C<\/span> <\/li><li style=\"float: left;\">  <img decoding=\"async\" src=\"https:\/\/albaen.it\/wp-content\/uploads\/simboletti-03.png\"  alt=\"Water resistant 100% impermeabile\" style=\"height:110px;\"\/> <span class=\"products_icons products_icons1\">R\u00e9sistant \u00e0 l'eau 100% \u00e9tanche<\/span> <\/li><\/ul>\n<\/div><\/div>\n\t<div class=\"wpb_text_column wpb_content_element\" >\n\t\t<div class=\"wpb_wrapper\">\n\t\t\t\n\n\t\t<\/div>\n\t<\/div>\n<div class=\"icons_cat_title\"> <h2>Secteurs d'utilisation <\/h2><\/div><div class=\"container row\"> \n\t\t\t<div>\n  <ul class=\"image-gallery\"><li style=\"float: left;\"> <img decoding=\"async\" src=\"https:\/\/albaen.it\/wp-content\/uploads\/Edilizia-e-Carpenteria-1.png\" alt=\"Edilizia e Carpenteria\" style=\"height:60px;\"\/>  <span class=\"products_icons\">Construction et Menuiserie<\/span> <\/li><li style=\"float: left;\"> <img decoding=\"async\" src=\"https:\/\/albaen.it\/wp-content\/uploads\/Industria-Metalmeccanica-1.png\" alt=\"Industria Metalmeccanica\" style=\"height:60px;\"\/>  <span class=\"products_icons\">Industrie M\u00e9tallurgique<\/span> <\/li><li style=\"float: left;\"> <img decoding=\"async\" src=\"https:\/\/albaen.it\/wp-content\/uploads\/Industria-Pesante-1.png\" alt=\"Industria pesante\" style=\"height:60px;\"\/>  <span class=\"products_icons\">Industrie lourde<\/span> <\/li><li style=\"float: left;\"> <img decoding=\"async\" src=\"https:\/\/albaen.it\/wp-content\/uploads\/Miniere-_-Estrazione-1.png\" alt=\"Miniere \/ Estrazione della pietra\" style=\"height:60px;\"\/>  <span class=\"products_icons\">Exploitation mini\u00e8re\/extraction de pierre<\/span> <\/li><\/ul>\n<\/div><\/div>\n\t<div class=\"wpb_text_column wpb_content_element\" >\n\t\t<div class=\"wpb_wrapper\">\n\t\t\t\n\n\t\t<\/div>\n\t<\/div>\n<div class=\"icons_cat_title\"> <h2>La technologie <\/h2><\/div><div class=\"container row\"> \n\t\t\t<div>\n  <ul class=\"image-gallery\"><li style=\"float: left;\"><img decoding=\"async\" src=\"https:\/\/albaen.it\/wp-content\/uploads\/WINDTEX.png\"  alt=\"Membrana WR Windtex\u00ae\" style=\"height:60px;\"\/><span class=\"products_icons\">Membrane WR Windtex\u00ae<\/span><\/li><\/ul>\n<\/div><\/div>\n\t<div class=\"wpb_text_column wpb_content_element\" >\n\t\t<div class=\"wpb_wrapper\">\n\t\t\t<p><strong><\/strong><\/p>\n\n\t\t<\/div>\n\t<\/div>\n<\/div><\/div><\/div><\/div>\n<\/div>","protected":false},"excerpt":{"rendered":"<p class=\" translation-block\">Choisissez la bottine de s\u00e9curit\u00e9 G-Bari S3 WR SRC HRO de la ligne RUBBER, fabriqu\u00e9e \u00e0 partir de mati\u00e8res premi\u00e8res de haute qualit\u00e9 pour garantir durabilit\u00e9 et performance m\u00eame dans des conditions extr\u00eames!<br> \nDot\u00e9 d\u2019une membrane Windtex\u00ae sp\u00e9ciale imperm\u00e9able et respirante, il assure une protection maximale m\u00eame les jours les plus humides et les plus pluvieux.<\/p>\n<p>Le choix s\u00fbr pour relever tous les d\u00e9fis au travail.<\/p>\n<p><a href=\"https:\/\/albaen.it\/wp-content\/uploads\/G-BARI-S3-WR-HRO.fr_-1.pdf\"><button class=\"btn1\">T\u00c9L\u00c9CHARGER LA FICHE TECHNIQUE<\/button><\/a>\u00a0 \u00a0<a href=\"https:\/\/albaen.it\/wp-content\/uploads\/GBARI-S3-WR-Dichiarazione-conformita-G-BARI.pdf\"><button><span style=\"vertical-align: inherit;\">D\u00c9CLARATION DE CONFORMIT\u00c9<\/span><\/button><\/a><\/p>","protected":false},"featured_media":19834,"comment_status":"closed","ping_status":"closed","template":"","meta":[],"product_brand":[],"product_cat":[102],"product_tag":[],"class_list":{"0":"post-19368","1":"product","2":"type-product","3":"status-publish","4":"has-post-thumbnail","6":"product_cat-g-rubber","7":"pa_categorie-di-protezione-hro","8":"pa_categorie-di-protezione-s3","9":"pa_categorie-di-protezione-src","10":"pa_categorie-di-protezione-wr","11":"pa_colore-nero","12":"pa_linea-rubber","13":"pa_normativa-en-iso-203452011","14":"pa_settori-edilizia-e-carpenteria","15":"pa_settori-industria-metalmeccanica","16":"pa_settori-industria-pesante","17":"pa_settori-miniere-estrazione-della-pietra","18":"pa_simboli-antistaticita","19":"pa_simboli-assorbimento-di-energia-nel-tallone","20":"pa_simboli-inserto-antiforo-resistente-alla-perforazione-o45mm-2","21":"pa_simboli-resistenza-allimpatto-e-compressione","22":"pa_simboli-resistenza-allo-scivolamento","23":"pa_simboli-suola-resistente-agli-oli-e-agli-idrocarburi","24":"pa_simboli-suola-resistente-al-calore-per-contatto-fino-a-300-c","25":"pa_simboli-water-resistant-100-impermeabile","26":"pa_taglia-170","27":"pa_taglia-174","28":"pa_taglia-176","29":"pa_taglia-178","30":"pa_taglia-180","31":"pa_taglia-182","32":"pa_taglia-184","33":"pa_tecnologia-membrana-wr-windtex","34":"pa_tipologia-alta","35":"pa_tipologia-stivale-al-polpaccio","37":"first","38":"instock","39":"taxable","40":"shipping-taxable","41":"purchasable","42":"product-type-variable"},"_links":{"self":[{"href":"https:\/\/albaen.it\/fre\/wp-json\/wp\/v2\/product\/19368","targetHints":{"allow":["GET"]}}],"collection":[{"href":"https:\/\/albaen.it\/fre\/wp-json\/wp\/v2\/product"}],"about":[{"href":"https:\/\/albaen.it\/fre\/wp-json\/wp\/v2\/types\/product"}],"replies":[{"embeddable":true,"href":"https:\/\/albaen.it\/fre\/wp-json\/wp\/v2\/comments?post=19368"}],"wp:featuredmedia":[{"embeddable":true,"href":"https:\/\/albaen.it\/fre\/wp-json\/wp\/v2\/media\/19834"}],"wp:attachment":[{"href":"https:\/\/albaen.it\/fre\/wp-json\/wp\/v2\/media?parent=19368"}],"wp:term":[{"taxonomy":"product_brand","embeddable":true,"href":"https:\/\/albaen.it\/fre\/wp-json\/wp\/v2\/product_brand?post=19368"},{"taxonomy":"product_cat","embeddable":true,"href":"https:\/\/albaen.it\/fre\/wp-json\/wp\/v2\/product_cat?post=19368"},{"taxonomy":"product_tag","embeddable":true,"href":"https:\/\/albaen.it\/fre\/wp-json\/wp\/v2\/product_tag?post=19368"}],"curies":[{"name":"wp","href":"https:\/\/api.w.org\/{rel}","templated":true}]}}